 a a composite number?
False
Let n(a) = -6*a + 85. Let p be n(15). Is (-1)/(p*(-9)/(-443655)) prime?
True
Suppose 0 = 6*x - 2*x - 108. Let j be (-3 - x - 2) + 4. Let a = j - -711. Is a a composite number?
False
Let h be 2588 - 3*(-8)/12. Suppose -7*q + 12*q = h. Suppose 7*b - 5*b = q. Is b a composite number?
True
Let y be 78/14 - 4*1/7. Suppose 2*x - 4*l - 525 + 43 = 0, -y*l = -25. Is x composite?
False
Suppose 110*z - 107*z = 0. Is 1/(0 - 1 - z) - -8150 a prime number?
False
Let l = -443 + 5620. Let t = -2450 + l. Suppose 346 + t = 7*n. Is n prime?
True
Let q(d) = -433980*d**3 + 3*d**2 - 18*d - 20. Is q(-1) composite?
False
Let r(o) = 4113*o + 1. Let d be r(3). Suppose -2*q + 3*t - 3 = 0, 5*q - 4*t = 12 - 16. Suppose q = -11*g + 3709 + d. Is g a composite number?
False
Let y = 696 - -154. Suppose 15 = 3*o - 0, 0 = -4*b + 2*o + y. Is b prime?
False
Let l = -300948 - -426893. Is l a prime number?
False
Let q(g) be the third derivative of -173*g**4/3 + 85*g**3/6 - 41*g**2. Is q(-8) prime?
False
Let t be (4/5)/(-1)*100/(-8). Suppose 5*r = -4*g - 8 - 0, -4*r - t = 2*g. Suppose -4*o + 2*y - 1975 = -9*o, -2*o - g*y = -779. Is o composite?
False
Let l be 2/(-6)*-3*0. Suppose -2*q = -o + 11, l*q - 3*q = 3*o - 6. Suppose -2*s + 4067 = o*s. Is s a prime number?
False
Suppose -6*y + 18 = -30. Let z(m) = -29*m**2 - 3*m + 6 + m + 41*m**2 + 4*m - m**3. Is z(y) prime?
False
Let x be (4/(-3) + 2)*56970/180. Let b be 139 + (-1 - -1 - -1). Let j = x - b. Is j prime?
True
Suppose 0*h - h = -2*q + 22, 3*q + 4*h = 22. Suppose 2*v - q = 0, -8*v + 4*v = z + 2341. Let g = 3868 + z. Is g composite?
True
Let k(t) = 2320*t + 203. Is k(33) a prime number?
False
Let r(g) = 2*g**3 - 7*g**2 + 3*g + 42. Let z(n) = -3*n**3 + 12*n**2 - 5*n - 83. Let p(d) = -5*r(d) - 3*z(d). Is p(-12) composite?
True
Suppose 1767371 = 54*b - 9540130 - 4851405. Is b a composite number?
False
Let f(d) = -30*d**2 - 39*d + 16. Let u be f(17). Let l = u - -22670. Suppose 0 = 7*z - l - 3706. Is z a prime number?
True
Let q(s) be the third derivative of 7*s**6/180 + 7*s**5/120 - s**4/24 - 9*s**3/2 + 12*s**2. Let f(z) be the first derivative of q(z). Is f(6) prime?
False
Let d(y) = 2*y - 23. Let k be d(17). Suppose -k*h = h - 10728. Suppose 0 = -4*u + h - 130. Is u a composite number?
False
Let o = -457 - -459. Is (-2)/(o/(-5) - 1104/(-2820)) a prime number?
False
Suppose -4*i + 615335 = 2*h + 75409, -539908 = -2*h + 5*i. Is h composite?
True
Suppose 0 = -n + 24452 - 22581. Is n a composite number?
False
Let b(i) be the second derivative of i**4/6 - 5*i**3/6 - 35*i**2/2 - 2*i - 4. Let j be (1 - (1 + 1)) + -17. Is b(j) prime?
False
Suppose -3*n = 3*y - 225, 3*n - 2*y = 3*y + 225. Let m = -72 + n. Suppose 356 = b - o + 4*o, 5*o - 1056 = -m*b. Is b prime?
True
Let p(x) = 7290*x + 7. Let t be p(1). Suppose 6*k - t = 18617. Is k a composite number?
True
Suppose 5 = -5*v, 5*v = 3*r - r + 1. Let b be r*1 + -11 + 10. Is b + 4 + (-2729)/(-1) a composite number?
False
Let d = 16964 + 172017. Is d a composite number?
True
Suppose 13*m + 27*m - 250440 = 0. Suppose 9*t + 2*f + 3761 = 12*t, -m = -5*t - 4*f. Is t a prime number?
False
Is 423284/6 + 805/483 prime?
True
Let j be ((-4882 - 1) + 1)/(-2). Suppose 6390 + 23416 = 7*u. Let m = u - j. Is m composite?
True
Suppose -6*j - 13607 = 10705. Let a = j - -5730. Is a a composite number?
True
Suppose -5*p = 2 + 8, 0 = -3*z - p + 1321489. Is z prime?
True
Suppose -5*m - 21 = -o, -1 = -4*o - 3*m + 14. Suppose -83570 + 21951 = -43*x. Suppose -x = -o*f + 4*f + j, -4 = -4*j. Is f prime?
False
Let a(l) be the third derivative of l**6/120 - 3*l**5/20 + 3*l**4/8 - 4*l**3/3 - 31*l**2. Let c be a(8). Is 1*(1058 + 3 + c) prime?
True
Let g = -585 - -1047. Suppose g + 2212 = 7*b. Is b prime?
False
Suppose 4*j - 5*j = -6. Suppose 0 = -2*b - b + j*b. Suppose 4*k + 11493 - 57884 = 3*o, b = -4*k - 2*o + 46386. Is k prime?
True
Let d(z) = 5*z**2 - 36*z - 19. Let t be d(9). Suppose 0 = -5*f + 683 + t. Is f prime?
True
Let y(v) = 521*v + 1522*v + 12 - 2. Is y(1) composite?
False
Let h(k) = k + 52. Let t be h(-10). Is (46524/45*3)/(t/105) composite?
True
Let g = -3724 - -6518. Suppose 87*s - 631766 = 980*s + 824717. Let u = s + g. Is u composite?
False
Is 6/(-2) + 84777 + 35 prime?
True
Let p = -73 - -97. Is (-6)/(-4)*(6142 + p) a composite number?
True
Suppose -4*c + 207265 - 929757 = -4*k, 4*c - 541897 = -3*k. Is k a composite number?
True
Is 242229*(-10)/(-30) - 6 a composite number?
False
Let s(h) = 580*h**2 - 25*h - 68. Let u(g) = 578*g**2 - 26*g - 68. Let c(j) = 3*s(j) - 2*u(j). Is c(-3) a prime number?
False
Let j(x) = -784*x - 75. Suppose -144 = -4*q + 22*q. Is j(q) prime?
True
Let h = 3705 - -3067. Let b = h - 3009. Is b composite?
True
Suppose -2*g + 10 = 5*l - 3*g, -4*l = 4*g + 16. Let p(a) = 587*a**3 - a**2 - 4*a + 4. Is p(l) a prime number?
False
Let g = -239 + 1351. Let f = g - -443. Suppose 6150 = b + 3*b - 2*u, b - f = 4*u. Is b a prime number?
False
Let v(n) = 286*n**2 + 6*n + 21. Let x(l) = 2*l**3 + 62*l**2 + l + 27. Let r be x(-31). Is v(r) composite?
True
Let u(y) = -4*y - 6*y**2 - 6*y**2 + 50*y**2 + 3. Let l = -39 - -40. Is u(l) a prime number?
True
Suppose -3*d + 109856 = -2*r, 7*d + 5*r = 6*d + 36596. Suppose -136*h + 144*h = d. Is h composite?
True
Let p(w) = w**3 + 12*w**2 + 18*w. Let y be p(-9). Let a = y + -69. Is -59*(2/(-12) - 22/a) composite?
True
Suppose -30*q + 27*q + 15 = 0, -4*f + q = -27511. Is f a composite number?
True
Let y be 14/(-1 - 348/(-340)). Let x be (4 - (-44)/(-10))*y. Let l = -37 - x. Is l a composite number?
True
Let a(h) = -2*h - 55. Let n be a(-27). Is 6 + (-4302)/n + 5 prime?
False
Suppose -8*q - 12 = -6*q. Let g be (-93)/(-9) + 2/q. Is (-2212)/(-1) + 5/g*2 a prime number?
True
Suppose -13*j + 59285 = -34614. Is j prime?
False
Let q = -7000 - 2824. Let u = 13803 + q. Is u composite?
True
Let v be (35/(-7))/10*-9482. Suppose v + 12516 = i. Is i composite?
False
Let k = 83019 - 53102. Is k a composite number?
False
Let d(v) = 4*v + 36. Let m be d(0). Is (-5)/(-30) - (-250302)/m prime?
False
Is -151 - -158 - (0 + -2 + -70461 - 1) composite?
True
Suppose -145*w - 42480 = -160*w. Suppose -5*u = 3*h - 5428, w = h - u + 1036. Is h composite?
False
Let n = -477 - -479. Suppose 5*z - 23010 = -0*z - 5*p, 2*z = p + 9192. Suppose n*r - 6*r = -5*c - 4614, 0 = 4*r + 3*c - z. Is r prime?
True
Let y(a) = a**3 - 12*a**2 + 34*a - 18. Let t be y(8). Is -3*(-5)/(-5) - (-1676 - t) composite?
True
Suppose 31*o - 2770151 = 313995 - 96583. Is o a prime number?
False
Let b = -22 - 12. Let j = -39 - b. Is 2/(1585/(-2725) + (-3)/j) a prime number?
True
Let b(h) = -5*h**2 - 27*h + 20. Let r(y) = 2*y**2 + 13*y - 10. Let c(a) = -4*b(a) - 9*r(a). Let d be c(4). Is (-1)/(9/d)*(-4911)/2 prime?
True
Is 5611727/10 + (-42)/(-140) a composite number?
False
Let k(i) = -2*i**3 - 12*i**2 - 4*i - 5. Let n be (-9)/(-4 + 1)*122/6. Let u = n - 72. Is k(u) composite?
False
Let k = 208 + -217. Let h(f) = -11*f + 106. Is h(k) a composite number?
True
Suppose -21*b + 15*b = 0. Suppose -q = -t + 9633, b = -t - 5*q + 9074 + 583. Is t a prime number?
False
Let w(m) = -2*m**3 + 2*m**2 - m. Let g be w(1). Suppose -4*f - 26 + 6 = -2*d, f + 2*d = 5. Is (g + -11)/f + 195 a prime number?
True
Is 24/2 + (-20)/((-520)/11335454) prime?
False
Suppose 0 = -3*l + 15, -5*h + 5*l + 16 + 39 = 0. Suppose -h*p = -42426 - 110630. Is p a composite number?
True
Let u(v) = 3*v + 6. Let r be u(-1). Is 2/r*(-17)/(306/(-19953)) composite?
False
Suppose -16*y + 2492039 = 14*y - 1256491. Is y a composite number?
False
Let h(q) = 2221*q - 7. Let g = -72 + 78. Let p(r) = 2220*r - 7. Let i(n) = g*h(n) - 7*p(n). Is i(-1) prime?
True
Let a = -388074 + 741817. Is a composite?
True
Let b = 12 + -12. Let o = 3237 + -1633. Suppose -2*l = -b*l - o. Is l a composite number?
True
Suppose 5*x = -2*x + 77. Let s(g) = -23*g + 21*g + 32*g**2 + x - 6. Is s(-3) a prime number?
False
Suppose 2*a + 30 = 4*t, t + 2*a = -0*t. Suppose -t*s + 5*s + 336 = 0. Suppose -4*u + 2*f = -s, -2*u + 125 = -2*f - 45. Is u prime?
True
Suppose n + 2287 = -3083. Let i = -1064 - n. Is i a composite number?
True
Let q(c) = 75576*c**2 - 612*c + 1. Is q(-1) composite?
True
Let v(r) = -r**3 + 7*r**2 + 3*r + 5. Let w(z) = z**2 - 1. Let q(o) = -v(o) + 3